rivative of -n**4/4 - 5*n**3 - 17*n**2/2 - 3*n - 8. Let l be 3 - 51*3/9. List the prime factors of u(l).
3, 13
Suppose -u - 24373 = -9*y + 33721, 19370 = 3*y + 5*u. List the prime factors of y.
5, 1291
Suppose 2*k = l + 707, -2289 - 527 = 4*l + 4*k. List the prime factors of (l/(-9))/((-8)/(-144)).
2, 3, 5, 47
Let m(u) = -13*u - 20. Let x(w) = 4*w**2 + 26*w - 16. Let l be x(-7). List the prime factors of m(l).
2, 3
Let x(o) = 2*o**2 + 41*o - 24. Let y be x(-21). Let z be 3/(18/(-38))*y. Suppose 2*f + 128 = q, 1 = -4*f - z. List the prime factors of q.
2, 59
Suppose 28*i - 23*i = 65. Let z be 106/(-8) + i/52. Let a = z + 43. List the prime factors of a.
2, 3, 5
Suppose -132*j + 128*j - 352 = 0. Let q = -83 - j. Suppose 2*t - 40 - 20 = -2*d, q*d + 90 = 3*t. What are the prime factors of t?
2, 3, 5
Let z be 17/5 + (-10 - (-159)/15). Let m be 5 + (3 - (9 + -3)). Suppose m*o - 4*o = -z*a, 5*a + 10 = 5*o. List the prime factors of o.
2
Let u = 720 + 34712. What are the prime factors of u?
2, 43, 103
Let n(g) = -2*g**2 + 3*g**2 - 6 - 1 - 2*g. Let b be n(4). Let p(u) = 65*u + 2. List the prime factors of p(b).
67
Let z(t) = -t**2 + 2*t + 11. Let y be z(5). Let g = y - -57. Suppose 5*x - 107 - g = 0. What are the prime factors of x?
2
Suppose 4*z = -3*u + 7743 + 3513, 5*z = 0. What are the prime factors of u?
2, 7, 67
Let f be 1 + -2 - -1*11. Let n = -2203 - -2757. Suppose f*p - 116 = n. What are the prime factors of p?
67
Suppose 3*s = -9, 2*s + 141 = 5*i - 75. Suppose 6*c + i + 0 = 0. What are the prime factors of 1*100 + (-10 - c)?
97
Let w(v) = 7*v**3 - 3*v**2 - 2*v + 3. Let g be w(1). Let r(m) = 69*m - 68. What are the prime factors of r(g)?
277
Let i be ((-18)/7)/(66/(-308)). What are the prime factors of -10 + i + 1299 - -1*5?
2, 653
Suppose -7*c - 482 = 1485. Let y = -184 - c. What are the prime factors of y?
97
Let r = -364 - -660. Let b = 335 + r. List the prime factors of b.
631
Let t(q) = 7*q**2 + 4*q + q**3 - 18 + q + 10*q - 12*q. Let c be t(-6). Suppose 2*k - 7*k + 305 = c. List the prime factors of k.
61
Let z = -115 + 131. Let k(l) = l**3 - 15*l**2 - 11*l - 29. What are the prime factors of k(z)?
3, 17
Let w = -202 + 204. Suppose q = 2*q + 2*k - 534, 0 = w*q - 4*k - 1052. List the prime factors of q.
2, 5, 53
Let b(x) = 2*x**2 + 5. Let m be b(-5). Suppose 95*y + m = 100*y. Suppose 4*l - 780 = -y*l. What are the prime factors of l?
2, 13
Let u(v) = v**2 - 300*v - 165. List the prime factors of u(-44).
11, 1361
Let p(a) = -3*a**2 + 5*a + 18. Let b be p(-2). Let d(f) = -15*f**3 + 3*f**2 + 10*f + 18. List the prime factors of d(b).
2, 17, 29
Suppose 5*u - 38198 = -5*p + 82692, 0 = -2*p - 5*u + 48377. What are the prime factors of p?
3, 7, 1151
Let o(l) = 782*l**2 + 14*l - 1. What are the prime factors of o(2)?
5, 631
Suppose -2*n = 21 - 37. Suppose 2*k = 3*p + 369, -4*k + n*k - 2*p = 718. What are the prime factors of k?
3, 59
Let u(d) be the third derivative of -d**5/60 + 7*d**4/12 - 4*d**3 - 11*d**2. Let x be u(11). Suppose -x*h + 33 + 30 = 0. List the prime factors of h.
7
Let c(w) = -w**3 - 7*w**2 - 2*w - 10. Let s be c(-7). Let x be (20/4 - -2) + s/(-1). Suppose x*j = q - 2*q + 30, 44 = 2*q + 2*j. List the prime factors of q.
2, 3
Let o be 6/(-21) + 1*324/7. Suppose -44 + o = 2*j. Let p = 33 - j. What are the prime factors of p?
2
Let v = 2056 - -1872. What are the prime factors of v?
2, 491
Suppose z + 2*m - 2114 = 0, 5*z - 3*m = 7572 + 2946. What are the prime factors of z?
2, 3, 13
Let y be (-9)/6*(-32)/9*3. Let t be (2 - 60/y)*(-5 + 1). Suppose 0 = -2*a - 8, 5*a = -4*i + t*a + 120. What are the prime factors of i?
2, 7
Suppose 30*l + 0*l = -37*l + 3301492. What are the prime factors of l?
2, 97, 127
Let b(k) = -2*k**3 - 3*k**2 + 6*k + 47. Let n be b(-5). Suppose 0 = 2*d + 3*x + x - 684, -332 = -d - 4*x. Let c = d - n. What are the prime factors of c?
2, 5
Let k(m) = 4*m**3 + 16*m**2 + 2*m - 3. Let p(h) = 3*h**3 + 15*h**2 + 2*h - 4. Let y(b) = 2*k(b) - 3*p(b). List the prime factors of y(-14).
2, 5, 23
Let a = -145 + 496. Suppose 5*z = -a + 1161. Let u = 240 - z. List the prime factors of u.
2, 3, 13
Let w = 1744 - 1167. Suppose -b + w + 385 = -2*t, 3804 = 4*b + 3*t. What are the prime factors of b?
2, 3, 53
Let n(m) = -27*m + 11 + 4*m**2 - 18 - 31. What are the prime factors of n(15)?
457
Suppose 0 = 28*c - 2*c - 26. List the prime factors of c*(-3)/(-1)*109.
3, 109
Suppose 24*c = 52 - 4. Suppose -6*n + 3*n + 1290 = k, -c*n = -5*k + 6365. What are the prime factors of k?
3, 5, 17
Let d(a) = -5*a - 19*a - 5 - 5*a - a. Let x be d(11). Let s = -135 - x. What are the prime factors of s?
2, 5
Suppose 6*y - 4029 = 3675. Suppose 3*k = 5*k - y. What are the prime factors of k?
2, 3, 107
Let i = 456 + -456. List the prime factors of i - (-724 + 4 - -5).
5, 11, 13
Suppose -7*q + 4*t = -6*q, q - 2*t = 0. Suppose -15*a + 1095 = -12*a - 3*d, -3*d - 3 = q. List the prime factors of a.
2, 7, 13
Suppose -3*i - 5*i = -192. Suppose 0 = -i*x + 23*x - 170. Let c = x + 238. List the prime factors of c.
2, 17
Suppose 274*j - 1851269 - 1610722 = 1931699. List the prime factors of j.
5, 31, 127
Let b be 472 - (-1)/1 - 0. Let n = b - 259. List the prime factors of n.
2, 107
Suppose 58 = 3*o - 5*r, 2*o + 2*o + 4*r - 120 = 0. Suppose o*a = 23*a + 33. Let n(t) = t**2 - 5*t - 36. List the prime factors of n(a).
2, 3, 5
Suppose 0 = 50*l - 15*l - 2441134 + 302634. What are the prime factors of l?
2, 5, 13, 47
Suppose 0 = 5*u + 10, 4*f - 2*u = 5*f - 119. Let z = f - 129. List the prime factors of ((-428)/z)/(23/69).
2, 107
List the prime factors of (624/(-65))/(8/(-19620)).
2, 3, 109
Let s(q) = 37*q + 21. Let p be -4 - (-370)/16 - 5/40. List the prime factors of s(p).
2, 181
Let q = 33419 + -12307. List the prime factors of q.
2, 7, 13, 29
Let h(n) = n + 5. Let x be h(-2). What are the prime factors of (-2)/((9/1704)/(x/(-2)))?
2, 71
Suppose 27*d + 29*d = 77896. List the prime factors of d.
13, 107
Suppose 30092 = 3*i - 2*x - 694, 2*i = -3*x + 20498. List the prime factors of i.
2, 23, 223
Let m = 65329 - 18236. List the prime factors of m.
47093
Suppose s - 12 = -3*w, 7 + 5 = 3*w + 3*s. Suppose -w*b - 2178 = -3*u, -5 - 4 = 3*b. What are the prime factors of u?
2, 19
Let m(r) = -72*r**3 + r**2 + 52*r + 331. What are the prime factors of m(-5)?
2, 3, 379
Suppose -26*v - 74*v = 88*v - 1968924. What are the prime factors of v?
3, 3491
Suppose -18*a + 11488 = -2390. Let p = -660 + a. What are the prime factors of p?
3, 37
Let h(u) = u**3 + 3*u**2 + u - 1. Let l be h(-7). Let k = l - -119. Let t = k - -164. List the prime factors of t.
79
Suppose c + 9 = 2*i, -i - c + 22 = -5*c. Suppose -2*z - i*g = -3626, -3*z + 4*g = -z - 3620. List the prime factors of z.
2, 3, 151
Let l(p) = 30*p**2 + 3*p - 10. Let w(h) = -29*h**2 - 4*h + 10. Let o(c) = 4*l(c) + 3*w(c). List the prime factors of o(3).
7, 41
Suppose -29*l = -4*l - 6*l - 327028. List the prime factors of l.
2, 13, 331
Let h(r) = -2*r**3 - 6*r**2 + r + 5. Let f = -15 - -10. What are the prime factors of h(f)?
2, 5
Let u be 1*17 + (-13 - -11). Let d = 17 - u. Suppose -4*q + 56 = -4*n, 5*n - 20 = d*q - 6*q. What are the prime factors of q?
2, 5
Suppose g + 7 = 17. Let b be ((-5)/g + 1)*146. Let o = b + -10. What are the prime factors of o?
3, 7
Let c(f) = -f**2 + 5*f + 6. Let r be c(11). Let j = 229 + r. List the prime factors of j.
13
Suppose 2*u = -2*f + 130 + 288, -3*f = 5*u - 1037. Let y = 567 - u. List the prime factors of y.
2, 181
Let b = -8058 + 26045. What are the prime factors of b?
17987
Suppose 0 = -3*b - 2*b - 15. Let j be b/(-12) + (-4197)/(-12). Suppose 5*s - 4*g - 63 = 342, -4*s + j = 2*g. What are the prime factors of s?
5, 17
Let m = -1253 - -1834. Let h = 1803 - m. List the prime factors of h.
2, 13, 47
Let b = 30 + -28. Suppose -3*p + 147 = 4*q - q, -b*q + 3*p = -83. Let l = q + 109. What are the prime factors of l?
5, 31
Let v = -826 + 830. Let z(x) = -x - 1. Let b be z(-1). Suppose g = -3*r - b*r + 360, -v*r + 4*g = -496. List the prime factors of r.
11
What are the prime factors of (16 - 37440/54)*-42?
2, 7, 127
Suppose 11013 = -126265*v + 126268*v. What are the prime factors of v?
3671
Let i(u) = -9*u**2 - 15*u + 26. Let b(y) = y**2 - y + 1. Let h(o) = -b(o) - i(o). What are the prime facto